{"id":49,"date":"2026-03-16T13:45:27","date_gmt":"2026-03-16T16:45:27","guid":{"rendered":"https:\/\/idsltda.uy\/?page_id=49"},"modified":"2026-04-06T12:48:14","modified_gmt":"2026-04-06T15:48:14","slug":"industrias","status":"publish","type":"page","link":"https:\/\/idsltda.uy\/index.php\/industrias","title":{"rendered":"Industrias"},"content":{"rendered":"\t\t<div data-elementor-type=\"wp-page\" data-elementor-id=\"49\" class=\"elementor elementor-49\">\n\t\t\t\t<div class=\"elementor-element elementor-element-a51a57b e-flex e-con-boxed e-con e-parent\" data-id=\"a51a57b\" data-element_type=\"container\" data-e-type=\"container\" data-settings=\"{&quot;background_background&quot;:&quot;classic&quot;}\">\n\t\t\t\t\t<div class=\"e-con-inner\">\n\t\t\t\t<div class=\"elementor-element elementor-element-ce508b5 elementor-invisible elementor-widget elementor-widget-custom-title-addons\" data-id=\"ce508b5\" data-element_type=\"widget\" data-e-type=\"widget\" data-settings=\"{&quot;_animation&quot;:&quot;slideInUp&quot;}\" data-widget_type=\"custom-title-addons.default\">\n\t\t\t\t<div class=\"elementor-widget-container\">\n\t\t\t\t\t<div class=\"tpc-double_heading\"><h3 class=\"dbl__title-wrapper\"><span class=\"dbl__title dbl-title_1\">Aplicamos soluciones adaptadas a las necesidades de cada sector.<\/span><\/h3><\/div>\t\t\t\t<\/div>\n\t\t\t\t<\/div>\n\t\t\t\t\t<\/div>\n\t\t\t\t<\/div>\n\t\t<div class=\"elementor-element elementor-element-e4c04b6 e-flex e-con-boxed e-con e-parent\" data-id=\"e4c04b6\" data-element_type=\"container\" data-e-type=\"container\">\n\t\t\t\t\t<div class=\"e-con-inner\">\n\t\t<div class=\"elementor-element elementor-element-4719d24 e-con-full e-grid e-con e-child\" data-id=\"4719d24\" data-element_type=\"container\" data-e-type=\"container\">\n\t\t\t\t<div class=\"elementor-element elementor-element-de5792c elementor-invisible elementor-widget elementor-widget-techwix-service-addons\" data-id=\"de5792c\" data-element_type=\"widget\" data-e-type=\"widget\" data-settings=\"{&quot;_animation&quot;:&quot;slideInUp&quot;}\" data-widget_type=\"techwix-service-addons.default\">\n\t\t\t\t<div class=\"elementor-widget-container\">\n\t\t\t\t\t<div class=\"techwix-service service-style-1 \"><div class=\"service-img\"><img decoding=\"async\" src=\"https:\/\/idsltda.uy\/wp-content\/uploads\/2026\/03\/pexels-kampus-8353777-2.jpg\" title=\"pexels-kampus-8353777\" alt=\"pexels-kampus-8353777\" loading=\"lazy\" \/><\/div><div class=\"service-content\"><h3 class=\"service-title\"><a href=\"\/banca\"  >Banca y Seguros<\/a><\/h3><p class=\"description\">Seguridad, agilidad y continuidad para operaciones que no pueden detenerse-<\/p><div class=\"read-more\"><a href=\"\/banca\"  ><i class=\"flaticon-plus-sign\"><\/i> Read More<\/a><\/div><\/div><\/div>\t\t\t\t<\/div>\n\t\t\t\t<\/div>\n\t\t\t\t<div class=\"elementor-element elementor-element-71532c4 elementor-invisible elementor-widget elementor-widget-techwix-service-addons\" data-id=\"71532c4\" data-element_type=\"widget\" data-e-type=\"widget\" data-settings=\"{&quot;_animation&quot;:&quot;slideInUp&quot;}\" data-widget_type=\"techwix-service-addons.default\">\n\t\t\t\t<div class=\"elementor-widget-container\">\n\t\t\t\t\t<div class=\"techwix-service service-style-1 \"><div class=\"service-img\"><img decoding=\"async\" src=\"https:\/\/idsltda.uy\/wp-content\/uploads\/2026\/03\/banner-medico-con-medico-y-paciente.jpg\" title=\"banner-medico-con-medico-y-paciente\" alt=\"banner-medico-con-medico-y-paciente\" loading=\"lazy\" \/><\/div><div class=\"service-content\"><h3 class=\"service-title\"><a href=\"\/salud\"  >Salud<\/a><\/h3><p class=\"description\">Infraestructura y seguridad para proteger lo m\u00e1s importante: las personas-<\/p><div class=\"read-more\"><a href=\"\/salud\"  ><i class=\"flaticon-plus-sign\"><\/i> Read More<\/a><\/div><\/div><\/div>\t\t\t\t<\/div>\n\t\t\t\t<\/div>\n\t\t\t\t<div class=\"elementor-element elementor-element-de164b8 elementor-invisible elementor-widget elementor-widget-techwix-service-addons\" data-id=\"de164b8\" data-element_type=\"widget\" data-e-type=\"widget\" data-settings=\"{&quot;_animation&quot;:&quot;slideInUp&quot;}\" data-widget_type=\"techwix-service-addons.default\">\n\t\t\t\t<div class=\"elementor-widget-container\">\n\t\t\t\t\t<div class=\"techwix-service service-style-1 \"><div class=\"service-img\"><img decoding=\"async\" src=\"https:\/\/idsltda.uy\/wp-content\/uploads\/2026\/03\/pexels-jiyoung-kim-2937986-4513940-1-scaled.jpg\" title=\"pexels-jiyoung-kim-2937986-4513940\" alt=\"pexels-jiyoung-kim-2937986-4513940\" loading=\"lazy\" \/><\/div><div class=\"service-content\"><h3 class=\"service-title\"><a href=\"\/contruccion\"  >Construcci\u00f3n e ingenier\u00eda civil.<\/a><\/h3><p class=\"description\">Tecnolog\u00eda para obras mas eficientes y conectadas-<\/p><div class=\"read-more\"><a href=\"\/contruccion\"  ><i class=\"flaticon-plus-sign\"><\/i> Read More<\/a><\/div><\/div><\/div>\t\t\t\t<\/div>\n\t\t\t\t<\/div>\n\t\t\t\t<\/div>\n\t\t<div class=\"elementor-element elementor-element-05bd333 e-con-full e-grid e-con e-child\" data-id=\"05bd333\" data-element_type=\"container\" data-e-type=\"container\">\n\t\t\t\t<div class=\"elementor-element elementor-element-99ab312 elementor-invisible elementor-widget elementor-widget-techwix-service-addons\" data-id=\"99ab312\" data-element_type=\"widget\" data-e-type=\"widget\" data-settings=\"{&quot;_animation&quot;:&quot;slideInUp&quot;}\" data-widget_type=\"techwix-service-addons.default\">\n\t\t\t\t<div class=\"elementor-widget-container\">\n\t\t\t\t\t<div class=\"techwix-service service-style-1 \"><div class=\"service-img\"><img decoding=\"async\" src=\"https:\/\/idsltda.uy\/wp-content\/uploads\/2026\/04\/pexels-nikolai-kolosov-20840610-4.jpg\" title=\"pexels-nikolai-kolosov-20840610 (4)\" alt=\"pexels-nikolai-kolosov-20840610 (4)\" loading=\"lazy\" \/><\/div><div class=\"service-content\"><h3 class=\"service-title\"><a href=\"\/retail\"  >Organismos publicos<\/a><\/h3><p class=\"description\">Infraestructura moderna y servicios digitales para el sector p\u00fablicos.<\/p><div class=\"read-more\"><a href=\"\/retail\"  ><i class=\"flaticon-plus-sign\"><\/i> Read More<\/a><\/div><\/div><\/div>\t\t\t\t<\/div>\n\t\t\t\t<\/div>\n\t\t\t\t<div class=\"elementor-element elementor-element-ac05757 elementor-invisible elementor-widget elementor-widget-techwix-service-addons\" data-id=\"ac05757\" data-element_type=\"widget\" data-e-type=\"widget\" data-settings=\"{&quot;_animation&quot;:&quot;slideInUp&quot;}\" data-widget_type=\"techwix-service-addons.default\">\n\t\t\t\t<div class=\"elementor-widget-container\">\n\t\t\t\t\t<div class=\"techwix-service service-style-1 \"><div class=\"service-img\"><img decoding=\"async\" src=\"https:\/\/idsltda.uy\/wp-content\/uploads\/2026\/03\/pexels-demiansmit-449559-scaled.jpg\" title=\"pexels-demiansmit-449559\" alt=\"pexels-demiansmit-449559\" loading=\"lazy\" \/><\/div><div class=\"service-content\"><h3 class=\"service-title\"><a href=\"\/retail\"  >Retail<\/a><\/h3><p class=\"description\">Tecnolog\u00eda para conectar operaciones, personas y puntos de venta.<\/p><div class=\"read-more\"><a href=\"\/retail\"  ><i class=\"flaticon-plus-sign\"><\/i> Read More<\/a><\/div><\/div><\/div>\t\t\t\t<\/div>\n\t\t\t\t<\/div>\n\t\t\t\t<\/div>\n\t\t\t\t\t<\/div>\n\t\t\t\t<\/div>\n\t\t\t\t<\/div>\n\t\t","protected":false},"excerpt":{"rendered":"<p>Aplicamos soluciones adaptadas a las necesidades de cada sector. Banca y Seguros Seguridad, agilidad y continuidad para operaciones que no pueden detenerse- Read More Salud Infraestructura y seguridad para proteger lo m\u00e1s importante: las personas- Read More Construcci\u00f3n e ingenier\u00eda civil. Tecnolog\u00eda para obras mas eficientes y conectadas- Read More Organismos publicos Infraestructura moderna y&#8230;<\/p>\n","protected":false},"author":1,"featured_media":0,"parent":0,"menu_order":0,"comment_status":"closed","ping_status":"closed","template":"","meta":{"footnotes":""},"class_list":["post-49","page","type-page","status-publish","hentry"],"_links":{"self":[{"href":"https:\/\/idsltda.uy\/index.php\/wp-json\/wp\/v2\/pages\/49","targetHints":{"allow":["GET"]}}],"collection":[{"href":"https:\/\/idsltda.uy\/index.php\/wp-json\/wp\/v2\/pages"}],"about":[{"href":"https:\/\/idsltda.uy\/index.php\/wp-json\/wp\/v2\/types\/page"}],"author":[{"embeddable":true,"href":"https:\/\/idsltda.uy\/index.php\/wp-json\/wp\/v2\/users\/1"}],"replies":[{"embeddable":true,"href":"https:\/\/idsltda.uy\/index.php\/wp-json\/wp\/v2\/comments?post=49"}],"version-history":[{"count":14,"href":"https:\/\/idsltda.uy\/index.php\/wp-json\/wp\/v2\/pages\/49\/revisions"}],"predecessor-version":[{"id":558,"href":"https:\/\/idsltda.uy\/index.php\/wp-json\/wp\/v2\/pages\/49\/revisions\/558"}],"wp:attachment":[{"href":"https:\/\/idsltda.uy\/index.php\/wp-json\/wp\/v2\/media?parent=49"}],"curies":[{"name":"wp","href":"https:\/\/api.w.org\/{rel}","templated":true}]}}